prime factors of 12936571.
2237, 5783
What are the prime factors of 61584?
2, 3, 1283
What are the prime factors of 4192798?
2, 2096399
List the prime factors of 11930801.
11930801
What are the prime factors of 1856256?
2, 3, 2417
What are the prime factors of 8168980?
2, 5, 233, 1753
What are the prime factors of 816611?
29, 971
What are the prime factors of 8803256?
2, 7, 11, 31, 461
List the prime factors of 3373524.
2, 3, 7, 11, 1217
List the prime factors of 58505.
5, 11701
What are the prime factors of 2089770?
2, 3, 5, 41, 1699
List the prime factors of 212821.
7, 30403
List the prime factors of 13785847.
151, 91297
What are the prime factors of 1721026?
2, 860513
What are the prime factors of 238425?
3, 5, 11, 17
List the prime factors of 1052682.
2, 3, 175447
What are the prime factors of 155804?
2, 11, 3541
List the prime factors of 148573.
148573
What are the prime factors of 5347068?
2, 3, 445589
List the prime factors of 714617.
43, 16619
What are the prime factors of 1603001?
683, 2347
List the prime factors of 109485.
3, 5, 811
List the prime factors of 338428.
2, 19, 61, 73
What are the prime factors of 938655?
3, 5, 17, 409
List the prime factors of 304376.
2, 38047
What are the prime factors of 2218631?
37, 61, 983
List the prime factors of 8028248.
2, 59, 73, 233
List the prime factors of 168865.
5, 33773
What are the prime factors of 14088380?
2, 5, 704419
What are the prime factors of 3156421?
1579, 1999
What are the prime factors of 1067914?
2, 19, 157, 179
List the prime factors of 3248160.
2, 3, 5, 67, 101
List the prime factors of 28260403.
2447, 11549
List the prime factors of 13706891.
11, 1246081
What are the prime factors of 2691316?
2, 29, 23201
What are the prime factors of 195512?
2, 24439
What are the prime factors of 56213?
67, 839
List the prime factors of 562850.
2, 5, 11257
List the prime factors of 6777682.
2, 47, 72103
List the prime factors of 1789834.
2, 894917
List the prime factors of 6611718.
2, 3, 23, 47911
List the prime factors of 285311.
13, 17, 1291
What are the prime factors of 651302?
2, 89, 3659
List the prime factors of 600465.
3, 5, 40031
List the prime factors of 174791.
103, 1697
What are the prime factors of 20809778?
2, 11, 945899
List the prime factors of 4534118.
2, 313, 7243
What are the prime factors of 1626443?
7, 13, 61, 293
What are the prime factors of 7143129?
3, 7, 113383
List the prime factors of 943246.
2, 41, 11503
List the prime factors of 60546.
2, 3, 10091
What are the prime factors of 816240?
2, 3, 5, 19, 179
What are the prime factors of 569538?
2, 3, 53, 199
List the prime factors of 5205859.
17, 359, 853
List the prime factors of 3637363.
67, 233
What are the prime factors of 495796?
2, 7, 17707
What are the prime factors of 219369?
3, 83, 881
List the prime factors of 839448.
2, 3, 89, 131
What are the prime factors of 3025631?
7, 31, 73, 191
What are the prime factors of 3324989?
3324989
List the prime factors of 522707.
522707
List the prime factors of 391538.
2, 7, 27967
List the prime factors of 760327.
89, 8543
List the prime factors of 8978279.
19, 472541
List the prime factors of 283568.
2, 37, 479
List the prime factors of 1193005.
5, 11, 109, 199
List the prime factors of 539531.
439, 1229
List the prime factors of 28854.
2, 3, 7, 229
List the prime factors of 1958492.
2, 421, 1163
What are the prime factors of 2773368?
2, 3, 13, 2963
What are the prime factors of 11775771?
3, 7, 186917
What are the prime factors of 66665?
5, 67, 199
List the prime factors of 1298742.
2, 3, 233, 929
What are the prime factors of 555984?
2, 3, 11, 13
What are the prime factors of 37961246?
2, 107, 179, 991
List the prime factors of 7530271.
7, 227, 677
List the prime factors of 68649.
3, 7, 467
What are the prime factors of 383246?
2, 37, 5179
What are the prime factors of 245703?
3, 81901
List the prime factors of 1236866.
2, 83, 7451
List the prime factors of 1398002.
2, 699001
What are the prime factors of 867101?
31, 83, 337
What are the prime factors of 4687084?
2, 1171771
List the prime factors of 708646.
2, 354323
What are the prime factors of 1443977?
1443977
List the prime factors of 8655.
3, 5, 577
List the prime factors of 924123.
3, 308041
What are the prime factors of 34979?
7, 19, 263
What are the prime factors of 125137?
17, 433
What are the prime factors of 275901?
3, 91967
List the prime factors of 27968377.
27968377
What are the prime factors of 160455?
3, 5, 19, 563
List the prime factors of 632132.
2, 23, 6871
What are the prime factors of 768859?
7, 13, 17, 71
What are the prime factors of 188514?
2, 3, 3491
What are the prime factors of 15872?
2, 31
What are the prime factors of 521751?
3, 173917
List the prime factors of 2923532.
2, 409, 1787
List the prime factors of 225982.
2, 103, 1097
What are the prime factors of 865994?
2, 191, 2267
What are the prime factors of 1876610?
2, 5, 187661
List the prime factors of 1657584.
2, 3, 1279
What are the prime factors of 34091?
73, 467
What are the prime factors of 235808?
2, 7369
List the prime factors of 1331256.
2, 3, 55469
What are the prime factors of 15465659?
11, 487, 2887
What are the prime factors of 2010845?
5, 17, 41, 577
What are the prime factors of 2860910?
2, 5, 13, 59, 373
What are the prime factors of 2909842?
2, 13, 8609
List the prime factors of 1378416.
2, 3, 13, 47
What are the prime factors of 173272?
2, 11, 179
List the prime factors of 17344771.
127, 136573
List the prime factors of 3875550.
2, 3, 5, 7, 3691
What are the prime factors of 13123499?
419, 31321
What are the prime factors of 583759?
11, 53069
List the prime factors of 194249.
11, 17659
What are the prime factors of 6780871?
6780871
What are the prime factors of 288099?
3, 7, 17, 269
List the prime factors of 507693.
3, 229, 739
List the prime factors of 1252798.
2, 17, 36847
What are the prime factors of 4379896?
2, 547487
List the prime factors of 5598433.
37, 83, 1823
What are the prime factors of 11103569?
11103569
What are the prime factors of 8252858?
2, 4126429
List the prime factors of 391335.
3, 5, 7, 3727
What are the prime factors of 350424?
2, 3, 31, 157
What are the prime factors of 11549164?
2, 11, 199, 1319
List the prime factors of 172101.
3, 57367
What are the prime factors of 4905223?
31, 158233
What are the prime factors of 601605?
3, 5, 29, 461
List the prime factors of 3219659.
3219659
List the prime factors of 1857419.
229, 8111
What are the prime factors of 961710?
2, 3, 5, 32057
What are the prime factors of 598514?
2, 7, 42751
List the prime factors of 5676.
2, 3, 11, 43
What are the prime factors of 4980497?
173, 28789
What are the prime factors of 673650?
2, 3, 5, 499
List the prime factors of 1259815.
5, 197, 1279
List the prime factors of 29672633.
17, 53, 32933
What are the prime factors of 191504?
2, 11969
What are the prime factors of 15728346?
2, 3, 31, 71, 397
What are the prime factors of 1430835?
3, 5, 7, 13627
What are the prime factors of 881455?
5, 29, 6079
What are the prime factors of 599678?
2, 19, 43, 367
List the prime factors of 3244782.
2, 3, 19, 28463
What are the prime factors of 11924345?
5, 2384869
List the prime factors of 278980.
2, 5, 13, 29, 37
List the prime factors of 27899425.
5, 653, 1709
What are the prime factors of 173629?
173629
List the prime factors of 1325984.
2, 11, 3767
List the prime factors of 127186.
2, 19, 3347
What are the prime factors of 166990?
2, 5, 16699
What are the prime factors of 676287?
3, 163, 461
What are the prime factors of 4405684?
2, 1101421
What are the prime factors of 2252306?
2, 7, 160879
What are the prime factors of 1966593?
3, 655531
List the prime factors of 35201.
35201
List the prime factors of 15046086.
2, 3, 11, 277, 823
What are the prime factors of 1598573?
1598573
List the prime factors of 317759.
13, 24443
List the prime factors of 648761.
23, 67, 421
List the prime factors of 205318.
2, 251, 409
What are the prime factors of 3542703?
3, 1180901
What are the prime factors of 25640440?
2, 5, 7, 91573
List the prime factors of 314767.
53, 5939
List the prime factors of 65194.
2, 37, 881
List the prime factors of 3332468.
2, 833117
What are the prime factors of 2182004?
2, 11, 101, 491
What are the prime factors of 8921